{"id":796,"date":"2024-07-26T08:58:20","date_gmt":"2024-07-26T08:58:20","guid":{"rendered":"https:\/\/balkonsolarkiel.de\/?page_id=796"},"modified":"2024-08-03T09:47:36","modified_gmt":"2024-08-03T09:47:36","slug":"sonne-fuer-den-garten","status":"publish","type":"page","link":"https:\/\/balkonsolarkiel.de\/index.php\/sonne-fuer-den-garten\/","title":{"rendered":"Sonne f\u00fcr den Garten"},"content":{"rendered":"\n<p>Eine Inselanlage die eine Autobatterie aufl\u00e4dt.<\/p>\n\n\n\n<p>Das gebrauchte Siemens-Solarmodul ist optimal auf dem Dach des Tomaten-Gew\u00e4chshauses platziert.<\/p>\n\n\n\n<figure class=\"wp-block-image size-large is-resized\"><a href=\"https:\/\/balkonsolarkiel.de\/wp-content\/uploads\/2024\/07\/wp-17218322620798770584785504384109.jpg\"><img loading=\"lazy\" decoding=\"async\" width=\"1024\" height=\"768\" src=\"https:\/\/balkonsolarkiel.de\/wp-content\/uploads\/2024\/07\/wp-17218322620798770584785504384109-1024x768.jpg\" alt=\"\" class=\"wp-image-792\" style=\"width:522px;height:auto\" srcset=\"https:\/\/balkonsolarkiel.de\/wp-content\/uploads\/2024\/07\/wp-17218322620798770584785504384109-1024x768.jpg 1024w, https:\/\/balkonsolarkiel.de\/wp-content\/uploads\/2024\/07\/wp-17218322620798770584785504384109-300x225.jpg 300w, https:\/\/balkonsolarkiel.de\/wp-content\/uploads\/2024\/07\/wp-17218322620798770584785504384109-768x576.jpg 768w, https:\/\/balkonsolarkiel.de\/wp-content\/uploads\/2024\/07\/wp-17218322620798770584785504384109-1536x1152.jpg 1536w, https:\/\/balkonsolarkiel.de\/wp-content\/uploads\/2024\/07\/wp-17218322620798770584785504384109.jpg 2000w\" sizes=\"auto, (max-width: 1024px) 100vw, 1024px\" \/><\/a><\/figure>\n\n\n\n<p> Der geerntete Strom wird durch gebrauchte Gartenschl\u00e4uche vor Wasser gesch\u00fctzt und zum MPPT-Laderegler geleitet. <\/p>\n\n\n\n<figure class=\"wp-block-image size-large is-resized\"><a href=\"https:\/\/balkonsolarkiel.de\/wp-content\/uploads\/2024\/07\/wp-17218322632021031513619371209668.jpg\"><img loading=\"lazy\" decoding=\"async\" width=\"1024\" height=\"768\" src=\"https:\/\/balkonsolarkiel.de\/wp-content\/uploads\/2024\/07\/wp-17218322632021031513619371209668-1024x768.jpg\" alt=\"\" class=\"wp-image-793\" style=\"width:528px;height:auto\" srcset=\"https:\/\/balkonsolarkiel.de\/wp-content\/uploads\/2024\/07\/wp-17218322632021031513619371209668-1024x768.jpg 1024w, https:\/\/balkonsolarkiel.de\/wp-content\/uploads\/2024\/07\/wp-17218322632021031513619371209668-300x225.jpg 300w, https:\/\/balkonsolarkiel.de\/wp-content\/uploads\/2024\/07\/wp-17218322632021031513619371209668-768x576.jpg 768w, https:\/\/balkonsolarkiel.de\/wp-content\/uploads\/2024\/07\/wp-17218322632021031513619371209668-1536x1152.jpg 1536w, https:\/\/balkonsolarkiel.de\/wp-content\/uploads\/2024\/07\/wp-17218322632021031513619371209668.jpg 2000w\" sizes=\"auto, (max-width: 1024px) 100vw, 1024px\" \/><\/a><\/figure>\n\n\n\n<p>So ist die 55 A Autobatterie im Sommer immer geladen.<\/p>\n\n\n\n<figure class=\"wp-block-image size-large is-resized\"><a href=\"https:\/\/balkonsolarkiel.de\/wp-content\/uploads\/2024\/07\/P7193182klein-scaled.jpg\"><img loading=\"lazy\" decoding=\"async\" width=\"1024\" height=\"768\" src=\"https:\/\/balkonsolarkiel.de\/wp-content\/uploads\/2024\/07\/P7193182klein-1024x768.jpg\" alt=\"\" class=\"wp-image-798\" style=\"width:534px;height:auto\" srcset=\"https:\/\/balkonsolarkiel.de\/wp-content\/uploads\/2024\/07\/P7193182klein-1024x768.jpg 1024w, https:\/\/balkonsolarkiel.de\/wp-content\/uploads\/2024\/07\/P7193182klein-300x225.jpg 300w, https:\/\/balkonsolarkiel.de\/wp-content\/uploads\/2024\/07\/P7193182klein-768x576.jpg 768w, https:\/\/balkonsolarkiel.de\/wp-content\/uploads\/2024\/07\/P7193182klein-1536x1152.jpg 1536w, https:\/\/balkonsolarkiel.de\/wp-content\/uploads\/2024\/07\/P7193182klein-2048x1536.jpg 2048w\" sizes=\"auto, (max-width: 1024px) 100vw, 1024px\" \/><\/a><\/figure>\n\n\n\n<p>Mit einem 600 W Wechselrichter wird aus 12 V 220 V Wechselstrom.<\/p>\n\n\n\n<figure class=\"wp-block-image size-large\"><img loading=\"lazy\" decoding=\"async\" width=\"1024\" height=\"768\" src=\"https:\/\/balkonsolarkiel.de\/wp-content\/uploads\/2024\/08\/wechselrichter-12-220-volt_2-011353500154745529508-1024x768.jpg\" alt=\"\" class=\"wp-image-816\" srcset=\"https:\/\/balkonsolarkiel.de\/wp-content\/uploads\/2024\/08\/wechselrichter-12-220-volt_2-011353500154745529508-1024x768.jpg 1024w, https:\/\/balkonsolarkiel.de\/wp-content\/uploads\/2024\/08\/wechselrichter-12-220-volt_2-011353500154745529508-300x225.jpg 300w, https:\/\/balkonsolarkiel.de\/wp-content\/uploads\/2024\/08\/wechselrichter-12-220-volt_2-011353500154745529508-768x576.jpg 768w, https:\/\/balkonsolarkiel.de\/wp-content\/uploads\/2024\/08\/wechselrichter-12-220-volt_2-011353500154745529508-1536x1152.jpg 1536w, https:\/\/balkonsolarkiel.de\/wp-content\/uploads\/2024\/08\/wechselrichter-12-220-volt_2-011353500154745529508.jpg 2000w\" sizes=\"auto, (max-width: 1024px) 100vw, 1024px\" \/><\/figure>\n\n\n\n<p> So l\u00e4sst sich preiswert und nur mit Sonnenenergie z. B. eine Apfelschleuder betreiben.<\/p>\n\n\n\n<figure class=\"wp-block-image size-full is-resized\"><a href=\"https:\/\/balkonsolarkiel.de\/wp-content\/uploads\/2024\/07\/wp-17218321769405848548396789238896.jpg\"><img loading=\"lazy\" decoding=\"async\" width=\"991\" height=\"744\" src=\"https:\/\/balkonsolarkiel.de\/wp-content\/uploads\/2024\/07\/wp-17218321769405848548396789238896.jpg\" alt=\"\" class=\"wp-image-791\" style=\"width:537px;height:auto\" srcset=\"https:\/\/balkonsolarkiel.de\/wp-content\/uploads\/2024\/07\/wp-17218321769405848548396789238896.jpg 991w, https:\/\/balkonsolarkiel.de\/wp-content\/uploads\/2024\/07\/wp-17218321769405848548396789238896-300x225.jpg 300w, https:\/\/balkonsolarkiel.de\/wp-content\/uploads\/2024\/07\/wp-17218321769405848548396789238896-768x577.jpg 768w\" sizes=\"auto, (max-width: 991px) 100vw, 991px\" \/><\/a><\/figure>\n\n\n\n<p>Nach den Erfahrungen des \u201eErbauers\u201c bitte den Laderegler immer eine Nummer gr\u00f6\u00dfer kaufen.<\/p>\n\n\n\n<p><\/p>\n\n\n\n<p>Beim Nachbau darauf achten, dass das Solarmodul \u201evandalismusfest\u201c angebracht wird!<\/p>\n","protected":false},"excerpt":{"rendered":"<p>Eine Inselanlage die eine Autobatterie aufl\u00e4dt. Das gebrauchte Siemens-Solarmodul ist optimal auf dem Dach des Tomaten-Gew\u00e4chshauses platziert. Der geerntete Strom wird durch gebrauchte Gartenschl\u00e4uche vor Wasser gesch\u00fctzt und zum MPPT-Laderegler geleitet. So ist die 55 A Autobatterie im Sommer immer geladen. Mit einem 600 W Wechselrichter wird aus 12 V 220 V Wechselstrom. So l\u00e4sst [&hellip;]<\/p>\n","protected":false},"author":1,"featured_media":0,"parent":0,"menu_order":0,"comment_status":"closed","ping_status":"closed","template":"","meta":{"footnotes":""},"class_list":["post-796","page","type-page","status-publish","hentry"],"_links":{"self":[{"href":"https:\/\/balkonsolarkiel.de\/index.php\/wp-json\/wp\/v2\/pages\/796","targetHints":{"allow":["GET"]}}],"collection":[{"href":"https:\/\/balkonsolarkiel.de\/index.php\/wp-json\/wp\/v2\/pages"}],"about":[{"href":"https:\/\/balkonsolarkiel.de\/index.php\/wp-json\/wp\/v2\/types\/page"}],"author":[{"embeddable":true,"href":"https:\/\/balkonsolarkiel.de\/index.php\/wp-json\/wp\/v2\/users\/1"}],"replies":[{"embeddable":true,"href":"https:\/\/balkonsolarkiel.de\/index.php\/wp-json\/wp\/v2\/comments?post=796"}],"version-history":[{"count":7,"href":"https:\/\/balkonsolarkiel.de\/index.php\/wp-json\/wp\/v2\/pages\/796\/revisions"}],"predecessor-version":[{"id":817,"href":"https:\/\/balkonsolarkiel.de\/index.php\/wp-json\/wp\/v2\/pages\/796\/revisions\/817"}],"wp:attachment":[{"href":"https:\/\/balkonsolarkiel.de\/index.php\/wp-json\/wp\/v2\/media?parent=796"}],"curies":[{"name":"wp","href":"https:\/\/api.w.org\/{rel}","templated":true}]}}