{"id":65,"date":"2023-02-05T17:36:02","date_gmt":"2023-02-05T17:36:02","guid":{"rendered":"https:\/\/balkonsolarkiel.de\/?page_id=65"},"modified":"2024-07-26T09:13:12","modified_gmt":"2024-07-26T09:13:12","slug":"1000-solar-anlagen-fuer-kiel","status":"publish","type":"page","link":"https:\/\/balkonsolarkiel.de\/index.php\/1000-solar-anlagen-fuer-kiel\/","title":{"rendered":"1000+1 Solaranlagen f\u00fcr Kiel"},"content":{"rendered":"\n<p>Die Strompreise steigen und der Ruf nach erneuerbaren Energien wird immer lauter.<br>Klar, muss sich da im gro\u00dfen Ma\u00dfstab etwas \u00e4ndern, doch kann Jede\/r etwas tun.<br>Nicht nur Hausbesitzer k\u00f6nnen sich durch ein ganzes Dach mit Solarmodulen und W\u00e4rmepumpen unabh\u00e4ngig machen und so Sonnenenergie zur Stromgewinnung nutzen.<br>Auch Mieter mit einem Balkon k\u00f6nnen einen kleinen Beitrag zur Stromgewinnung und damit zur Umweltverbesserung und Entlastung des eignen Geldbeutels leisten.<\/p>\n\n\n\n<figure class=\"wp-block-image size-large\"><a href=\"https:\/\/balkonsolarkiel.de\/wp-content\/uploads\/2023\/04\/IMG_20230329_1814531-scaled.jpg\" target=\"_blank\" rel=\"noreferrer noopener\"><img loading=\"lazy\" decoding=\"async\" width=\"768\" height=\"1024\" src=\"https:\/\/balkonsolarkiel.de\/wp-content\/uploads\/2023\/04\/IMG_20230329_1814531-768x1024.jpg\" alt=\"\" class=\"wp-image-298\" srcset=\"https:\/\/balkonsolarkiel.de\/wp-content\/uploads\/2023\/04\/IMG_20230329_1814531-768x1024.jpg 768w, https:\/\/balkonsolarkiel.de\/wp-content\/uploads\/2023\/04\/IMG_20230329_1814531-225x300.jpg 225w, https:\/\/balkonsolarkiel.de\/wp-content\/uploads\/2023\/04\/IMG_20230329_1814531-1152x1536.jpg 1152w, https:\/\/balkonsolarkiel.de\/wp-content\/uploads\/2023\/04\/IMG_20230329_1814531-1536x2048.jpg 1536w, https:\/\/balkonsolarkiel.de\/wp-content\/uploads\/2023\/04\/IMG_20230329_1814531-scaled.jpg 1920w\" sizes=\"auto, (max-width: 768px) 100vw, 768px\" \/><\/a><\/figure>\n\n\n\n<p>Wir alle verbrauchen immer ein wenig Strom (Stand-by). Diese Grundlast kostet, dieses Geld k\u00f6nnen wir nun selbst mit einer kleinen Balkon Solaranlage einsparen.<br>Bislang sind wir es gewohnt, mit einem Stecker Strom zu beziehen, jetzt k\u00f6nnen wir mit einem Stecker aus der kleinen Anlage selbst erzeugten Strom nutzen.<br>Balkon Solaranlagen gibt es schon steckerfertig zu kaufen, dabei geht es um bis zu 600 Watt. Diese Anlagen kosten einige 500-800 \u20ac und zahlen sich in einigen Jahren, je nach Leistung, aus.<\/p>\n\n\n\n<figure class=\"wp-block-image size-large is-resized\"><a href=\"https:\/\/balkonsolarkiel.de\/wp-content\/uploads\/2023\/02\/2022-10-07-13.16.36-1.jpeg\" target=\"_blank\" rel=\"noreferrer noopener\"><img loading=\"lazy\" decoding=\"async\" src=\"https:\/\/balkonsolarkiel.de\/wp-content\/uploads\/2023\/02\/2022-10-07-13.16.36-1-1024x726.jpeg\" alt=\"\" class=\"wp-image-95\" width=\"635\" height=\"451\" srcset=\"https:\/\/balkonsolarkiel.de\/wp-content\/uploads\/2023\/02\/2022-10-07-13.16.36-1-1024x726.jpeg 1024w, https:\/\/balkonsolarkiel.de\/wp-content\/uploads\/2023\/02\/2022-10-07-13.16.36-1-300x213.jpeg 300w, https:\/\/balkonsolarkiel.de\/wp-content\/uploads\/2023\/02\/2022-10-07-13.16.36-1-768x544.jpeg 768w, https:\/\/balkonsolarkiel.de\/wp-content\/uploads\/2023\/02\/2022-10-07-13.16.36-1.jpeg 1280w\" sizes=\"auto, (max-width: 635px) 100vw, 635px\" \/><\/a><\/figure>\n\n\n\n<p>Unser Ziel ist es, gebrauchte Module und g\u00fcnstige Wechselrichter zum Eigenbau anzubieten. Der Nachhaltigkeitsgedanke soll sich auch in der Beschaffung widerspiegeln. So ist eine rasche Rentabilit\u00e4t m\u00f6glich. Durch kollektive Beschaffung, und gute Kontakte k\u00f6nnen wir viel g\u00fcnstigere Module besorgen. Wir machen das ehrenamtlich und ohne finanziellen Gewinn, weil wir etwas Konkretes zur Verbesserung der Umwelt beitragen wollen.<br><br>Einfache kleine, gebrauchte Solaranlagen k\u00f6nnen z.B. 100 Watt (W) in einer Stunde (h) erzeugen. 100 Wh sind zwar nicht viel, aber wenn 1000 Menschen 100 Wh erzeugen, wird ein Schuh daraus. 0,1 Millionen Watt in einer Stunde. (Das ist nur ein Beispiel, die meisten Anlagen leisten mehr als 100 W).<\/p>\n\n\n\n<p>Alle, die mitmachen, sparen Geld und leisten einen Beitrag f\u00fcr die Umwelt.<\/p>\n\n\n\n<p>Wir in Kiel w\u00fcrden so 42 kg Kohlendioxid (CO<sub>2<\/sub>) in jeder sonnigen Stunde sparen, weil unser Strommix auch u.a. aus Kohlestrom besteht (<a href=\"https:\/\/www.umweltbundesamt.de\/themen\/co2-emissionen-pro-kilowattstunde-strom-steigen#:~:text=Das%20zeigen%20aktuelle%20Berechnungen%20des,2019%20bei%20411%20g%2FkWh.\" target=\"_blank\" rel=\"noreferrer noopener\">Quelle Umweltbundesamt<\/a>)!<\/p>\n","protected":false},"excerpt":{"rendered":"<p>Die Strompreise steigen und der Ruf nach erneuerbaren Energien wird immer lauter.Klar, muss sich da im gro\u00dfen Ma\u00dfstab etwas \u00e4ndern, doch kann Jede\/r etwas tun.Nicht nur Hausbesitzer k\u00f6nnen sich durch ein ganzes Dach mit Solarmodulen und W\u00e4rmepumpen unabh\u00e4ngig machen und so Sonnenenergie zur Stromgewinnung nutzen.Auch Mieter mit einem Balkon k\u00f6nnen einen kleinen Beitrag zur Stromgewinnung [&hellip;]<\/p>\n","protected":false},"author":1,"featured_media":0,"parent":0,"menu_order":0,"comment_status":"closed","ping_status":"closed","template":"","meta":{"footnotes":""},"class_list":["post-65","page","type-page","status-publish","hentry"],"_links":{"self":[{"href":"https:\/\/balkonsolarkiel.de\/index.php\/wp-json\/wp\/v2\/pages\/65","targetHints":{"allow":["GET"]}}],"collection":[{"href":"https:\/\/balkonsolarkiel.de\/index.php\/wp-json\/wp\/v2\/pages"}],"about":[{"href":"https:\/\/balkonsolarkiel.de\/index.php\/wp-json\/wp\/v2\/types\/page"}],"author":[{"embeddable":true,"href":"https:\/\/balkonsolarkiel.de\/index.php\/wp-json\/wp\/v2\/users\/1"}],"replies":[{"embeddable":true,"href":"https:\/\/balkonsolarkiel.de\/index.php\/wp-json\/wp\/v2\/comments?post=65"}],"version-history":[{"count":13,"href":"https:\/\/balkonsolarkiel.de\/index.php\/wp-json\/wp\/v2\/pages\/65\/revisions"}],"predecessor-version":[{"id":809,"href":"https:\/\/balkonsolarkiel.de\/index.php\/wp-json\/wp\/v2\/pages\/65\/revisions\/809"}],"wp:attachment":[{"href":"https:\/\/balkonsolarkiel.de\/index.php\/wp-json\/wp\/v2\/media?parent=65"}],"curies":[{"name":"wp","href":"https:\/\/api.w.org\/{rel}","templated":true}]}}