{"id":496,"date":"2023-08-29T17:01:02","date_gmt":"2023-08-29T17:01:02","guid":{"rendered":"https:\/\/balkonsolarkiel.de\/?page_id=496"},"modified":"2023-09-03T16:54:45","modified_gmt":"2023-09-03T16:54:45","slug":"watt-fahrradtour-zur-lokalen-energiewende","status":"publish","type":"page","link":"https:\/\/balkonsolarkiel.de\/index.php\/watt-fahrradtour-zur-lokalen-energiewende\/","title":{"rendered":"Watt-Fahrradtour zur lokalen Energiewende"},"content":{"rendered":"\n<p>Sei bei der &#8222;Watt&#8220;-Fahrradtour durch Kiel dabei und werde Teil der lokalen Energiewende!<\/p>\n\n\n\n<p><strong>Samstag, 16. September 2023, 13.30&nbsp;Uhr<\/strong><\/p>\n\n\n\n<p>Sophienhof, Sophienblatt 20<\/p>\n\n\n\n<p>Bei der &#8222;Watt&#8220;-Fahrradtour werden gemeinsam die M\u00f6glichkeiten der Energieerzeugung in unserer Stadt erkundet. An verschiedenen Stationen pr\u00e4sentieren Expert:innen bereits existierende Balkonsolarprojekte und erl\u00e4utern, wie der eigene Energiebedarf selbst gedeckt werden kann.<br>Treffpunkt ist um 13:30 Uhr am Hintereingang des Sophienhofs, um von dort aus mit dem Fahrrad die Tour zu starten. Anschlie\u00dfend sind alle herzlich dazu eingeladen, gemeinsam \u00fcber das Engagement der B\u00fcrger*innen beim Ausbau lokaler erneuerbarer Energien zu diskutieren.<br>Sei dabei und werde Teil der lokalen Energiewende!<br><br>Referent*innen:&nbsp;Milena Schuldt (ZEBAU GmbH), Jens Wartenberg (People 4 Future), Birte B\u00f6kel (People 4 Future) und Thomas Leidreiter (B\u00fcrgerEnergieNord eG)<\/p>\n\n\n\n<p><em>Ende ca. 15.00\u00a0Uhr<\/em><\/p>\n\n\n\n<p>Um <strong>Anmeldung<\/strong> wird gebeten! &#8211;><a href=\"https:\/\/forms.office.com\/e\/gW1LrUbCbb\">zum Anmelde Formular<\/a><\/p>\n\n\n\n<figure class=\"wp-block-image size-full is-resized\"><img loading=\"lazy\" decoding=\"async\" src=\"https:\/\/balkonsolarkiel.de\/wp-content\/uploads\/2023\/08\/jpg.jpeg\" alt=\"\" class=\"wp-image-495\" width=\"1110\" height=\"626\" srcset=\"https:\/\/balkonsolarkiel.de\/wp-content\/uploads\/2023\/08\/jpg.jpeg 850w, https:\/\/balkonsolarkiel.de\/wp-content\/uploads\/2023\/08\/jpg-300x169.jpeg 300w, https:\/\/balkonsolarkiel.de\/wp-content\/uploads\/2023\/08\/jpg-768x434.jpeg 768w\" sizes=\"auto, (max-width: 1110px) 100vw, 1110px\" \/><\/figure>\n\n\n\n<p class=\"has-large-font-size\">Eine Veranstaltung im Rahmen der Kieler <br><strong>Klimawoche+<\/strong><br>&#8211;&gt;<a rel=\"noreferrer noopener\" href=\"https:\/\/www.kiel.de\/de\/umwelt_verkehr\/klimaschutz\/_klimakalender.php\" data-type=\"URL\" data-id=\"https:\/\/www.kiel.de\/de\/umwelt_verkehr\/klimaschutz\/_klimakalender.php\" target=\"_blank\">mehr<\/a>.<\/p>\n","protected":false},"excerpt":{"rendered":"<p>Sei bei der &#8222;Watt&#8220;-Fahrradtour durch Kiel dabei und werde Teil der lokalen Energiewende! Samstag, 16. September 2023, 13.30&nbsp;Uhr Sophienhof, Sophienblatt 20 Bei der &#8222;Watt&#8220;-Fahrradtour werden gemeinsam die M\u00f6glichkeiten der Energieerzeugung in unserer Stadt erkundet. An verschiedenen Stationen pr\u00e4sentieren Expert:innen bereits existierende Balkonsolarprojekte und erl\u00e4utern, wie der eigene Energiebedarf selbst gedeckt werden kann.Treffpunkt ist um 13:30 [&hellip;]<\/p>\n","protected":false},"author":1,"featured_media":0,"parent":0,"menu_order":0,"comment_status":"closed","ping_status":"closed","template":"","meta":{"footnotes":""},"class_list":["post-496","page","type-page","status-publish","hentry"],"_links":{"self":[{"href":"https:\/\/balkonsolarkiel.de\/index.php\/wp-json\/wp\/v2\/pages\/496","targetHints":{"allow":["GET"]}}],"collection":[{"href":"https:\/\/balkonsolarkiel.de\/index.php\/wp-json\/wp\/v2\/pages"}],"about":[{"href":"https:\/\/balkonsolarkiel.de\/index.php\/wp-json\/wp\/v2\/types\/page"}],"author":[{"embeddable":true,"href":"https:\/\/balkonsolarkiel.de\/index.php\/wp-json\/wp\/v2\/users\/1"}],"replies":[{"embeddable":true,"href":"https:\/\/balkonsolarkiel.de\/index.php\/wp-json\/wp\/v2\/comments?post=496"}],"version-history":[{"count":5,"href":"https:\/\/balkonsolarkiel.de\/index.php\/wp-json\/wp\/v2\/pages\/496\/revisions"}],"predecessor-version":[{"id":507,"href":"https:\/\/balkonsolarkiel.de\/index.php\/wp-json\/wp\/v2\/pages\/496\/revisions\/507"}],"wp:attachment":[{"href":"https:\/\/balkonsolarkiel.de\/index.php\/wp-json\/wp\/v2\/media?parent=496"}],"curies":[{"name":"wp","href":"https:\/\/api.w.org\/{rel}","templated":true}]}}

<p>Sei bei der &#8222;Watt&#8220;-Fahrradtour durch Kiel dabei und werde Teil der lokalen Energiewende!</p>



<p><strong>Samstag, 16. September 2023, 13.30&nbsp;Uhr</strong></p>



<p>Sophienhof, Sophienblatt 20</p>



<p>Bei der &#8222;Watt&#8220;-Fahrradtour werden gemeinsam die Möglichkeiten der Energieerzeugung in unserer Stadt erkundet. An verschiedenen Stationen präsentieren Expert:innen bereits existierende Balkonsolarprojekte und erläutern, wie der eigene Energiebedarf selbst gedeckt werden kann.<br>Treffpunkt ist um 13:30 Uhr am Hintereingang des Sophienhofs, um von dort aus mit dem Fahrrad die Tour zu starten. Anschließend sind alle herzlich dazu eingeladen, gemeinsam über das Engagement der Bürger*innen beim Ausbau lokaler erneuerbarer Energien zu diskutieren.<br>Sei dabei und werde Teil der lokalen Energiewende!<br><br>Referent*innen:&nbsp;Milena Schuldt (ZEBAU GmbH), Jens Wartenberg (People 4 Future), Birte Bökel (People 4 Future) und Thomas Leidreiter (BürgerEnergieNord eG)</p>



<p><em>Ende ca. 15.00 Uhr</em></p>



<p>Um <strong>Anmeldung</strong> wird gebeten! &#8211;><a href="https://forms.office.com/e/gW1LrUbCbb">zum Anmelde Formular</a></p>



<figure class="wp-block-image size-full is-resized"><img loading="lazy" decoding="async" src="https://balkonsolarkiel.de/wp-content/uploads/2023/08/jpg.jpeg" alt="" class="wp-image-495" width="1110" height="626" srcset="https://balkonsolarkiel.de/wp-content/uploads/2023/08/jpg.jpeg 850w, https://balkonsolarkiel.de/wp-content/uploads/2023/08/jpg-300x169.jpeg 300w, https://balkonsolarkiel.de/wp-content/uploads/2023/08/jpg-768x434.jpeg 768w" sizes="auto, (max-width: 1110px) 100vw, 1110px" /></figure>



<p class="has-large-font-size">Eine Veranstaltung im Rahmen der Kieler <br><strong>Klimawoche+</strong><br>&#8211;&gt;<a rel="noreferrer noopener" href="https://www.kiel.de/de/umwelt_verkehr/klimaschutz/_klimakalender.php" data-type="URL" data-id="https://www.kiel.de/de/umwelt_verkehr/klimaschutz/_klimakalender.php" target="_blank">mehr</a>.</p>

<p>Sei bei der &#8222;Watt&#8220;-Fahrradtour durch Kiel dabei und werde Teil der lokalen Energiewende! Samstag, 16. September 2023, 13.30&nbsp;Uhr Sophienhof, Sophienblatt 20 Bei der &#8222;Watt&#8220;-Fahrradtour werden gemeinsam die Möglichkeiten der Energieerzeugung in unserer Stadt erkundet. An verschiedenen Stationen präsentieren Expert:innen bereits existierende Balkonsolarprojekte und erläutern, wie der eigene Energiebedarf selbst gedeckt werden kann.Treffpunkt ist um 13:30 [&hellip;]</p>
