{"id":233,"date":"2023-03-25T17:54:40","date_gmt":"2023-03-25T17:54:40","guid":{"rendered":"https:\/\/balkonsolarkiel.de\/?page_id=233"},"modified":"2024-06-06T16:46:05","modified_gmt":"2024-06-06T16:46:05","slug":"die-initiative-people-4-future-in-kiel","status":"publish","type":"page","link":"https:\/\/balkonsolarkiel.de\/index.php\/die-initiative-people-4-future-in-kiel\/","title":{"rendered":"Die Initiative People 4 Future in Kiel"},"content":{"rendered":"\n<p><\/p>\n\n\n\n<p>Die People 4 Future Kiel sind eine Gruppe von Erwachsenen, die in Solidarit\u00e4t zu Fridays For Future stehen. Unser Ziel ist es, die jungen Menschen der Fridays-Bewegung in ihren Forderungen nach einer konsequenten und z\u00fcgigen Klima- und Umweltschutzpolitik verantwortungsbewusst zu unterst\u00fctzen.<\/p>\n\n\n\n<p>Angesichts der vorliegenden wissenschaftlichen Erkenntnisse sind wir davon \u00fcberzeugt, dass zu einer lebenswerten menschlichen Zukunft die drastische Reduktion der Emission von sch\u00e4dlichen Treibhausgasen umgehend n\u00f6tig ist. Als Ma\u00dfgabe hierf\u00fcr betrachten wir die Pariser Klimaziele von 2015, die mittlere Erderw\u00e4rmung auf weitere 2\u00b0C, besser auf 1,5\u00b0C zu begrenzen.&nbsp;<\/p>\n\n\n\n<p>Wir organisieren daher verschiedene umweltpolitische Aktionen und Informationsveranstaltungen, um das gesellschaftliche Bewusstsein f\u00fcr die Dringlichkeit zum Handeln zu verst\u00e4rken. Die von uns entwickelte Kieler Klima-Uhr soll k\u00fcnftig der Stadt\u00f6ffentlichkeit vermitteln, dass uns nicht viel Zeit bleibt f\u00fcr die Sicherung der Lebensbedingungen der nachfolgenden Generationen.<\/p>\n\n\n\n<p>Wir sind bundesweit mit den Parents for Future verbunden, kooperieren aber auch mit regionalen Initiativen und Aktionsgruppen.<\/p>\n\n\n\n<p>Das von der Stadt Kiel neu eingerichtete Nachhaltigkeitszentrum am Europaplatz wird ein Ort sein f\u00fcr unsere vielf\u00e4ltigen Angebote an die Kieler \u00d6ffentlichkeit. Es erm\u00f6glicht uns zum Beispiel an einer zentralen Stelle B\u00fcrgerInnen zu beraten und zu unterst\u00fctzen bei der Nutzung von Balkonsolar-Anlagen. Dieses Projekt haben wir aufgebaut in Zusammenarbeit mit der Heinrich-B\u00f6ll-Stiftung Kiel. Weitere Veranstaltungen an diesem Ort sind in Planung.<\/p>\n\n\n\n<p>Mehr lesen auf <a href=\"https:\/\/www.parentsforfuture.de\/de\/kiel\" target=\"_blank\" rel=\"noreferrer noopener nofollow\">parentsforfuture.de\/de\/kiel<\/a> .<\/p>\n\n\n<div class=\"wp-block-image\">\n<figure class=\"alignright size-full is-resized\"><img loading=\"lazy\" decoding=\"async\" width=\"512\" height=\"512\" src=\"https:\/\/balkonsolarkiel.de\/wp-content\/uploads\/2023\/03\/cropped-pf4Logo.png\" alt=\"\" class=\"wp-image-656\" style=\"width:216px;height:auto\" srcset=\"https:\/\/balkonsolarkiel.de\/wp-content\/uploads\/2023\/03\/cropped-pf4Logo.png 512w, https:\/\/balkonsolarkiel.de\/wp-content\/uploads\/2023\/03\/cropped-pf4Logo-300x300.png 300w, https:\/\/balkonsolarkiel.de\/wp-content\/uploads\/2023\/03\/cropped-pf4Logo-150x150.png 150w, https:\/\/balkonsolarkiel.de\/wp-content\/uploads\/2023\/03\/cropped-pf4Logo-270x270.png 270w, https:\/\/balkonsolarkiel.de\/wp-content\/uploads\/2023\/03\/cropped-pf4Logo-192x192.png 192w, https:\/\/balkonsolarkiel.de\/wp-content\/uploads\/2023\/03\/cropped-pf4Logo-180x180.png 180w, https:\/\/balkonsolarkiel.de\/wp-content\/uploads\/2023\/03\/cropped-pf4Logo-32x32.png 32w\" sizes=\"auto, (max-width: 512px) 100vw, 512px\" \/><\/figure>\n<\/div>","protected":false},"excerpt":{"rendered":"<p>Die People 4 Future Kiel sind eine Gruppe von Erwachsenen, die in Solidarit\u00e4t zu Fridays For Future stehen. Unser Ziel ist es, die jungen Menschen der Fridays-Bewegung in ihren Forderungen nach einer konsequenten und z\u00fcgigen Klima- und Umweltschutzpolitik verantwortungsbewusst zu unterst\u00fctzen. Angesichts der vorliegenden wissenschaftlichen Erkenntnisse sind wir davon \u00fcberzeugt, dass zu einer lebenswerten menschlichen [&hellip;]<\/p>\n","protected":false},"author":1,"featured_media":0,"parent":0,"menu_order":0,"comment_status":"closed","ping_status":"closed","template":"","meta":{"footnotes":""},"class_list":["post-233","page","type-page","status-publish","hentry"],"_links":{"self":[{"href":"https:\/\/balkonsolarkiel.de\/index.php\/wp-json\/wp\/v2\/pages\/233","targetHints":{"allow":["GET"]}}],"collection":[{"href":"https:\/\/balkonsolarkiel.de\/index.php\/wp-json\/wp\/v2\/pages"}],"about":[{"href":"https:\/\/balkonsolarkiel.de\/index.php\/wp-json\/wp\/v2\/types\/page"}],"author":[{"embeddable":true,"href":"https:\/\/balkonsolarkiel.de\/index.php\/wp-json\/wp\/v2\/users\/1"}],"replies":[{"embeddable":true,"href":"https:\/\/balkonsolarkiel.de\/index.php\/wp-json\/wp\/v2\/comments?post=233"}],"version-history":[{"count":5,"href":"https:\/\/balkonsolarkiel.de\/index.php\/wp-json\/wp\/v2\/pages\/233\/revisions"}],"predecessor-version":[{"id":682,"href":"https:\/\/balkonsolarkiel.de\/index.php\/wp-json\/wp\/v2\/pages\/233\/revisions\/682"}],"wp:attachment":[{"href":"https:\/\/balkonsolarkiel.de\/index.php\/wp-json\/wp\/v2\/media?parent=233"}],"curies":[{"name":"wp","href":"https:\/\/api.w.org\/{rel}","templated":true}]}}